{"id":69,"date":"2025-03-27T16:27:53","date_gmt":"2025-03-27T16:27:53","guid":{"rendered":"https:\/\/www.smzdomin.pl\/?page_id=69"},"modified":"2025-06-06T15:46:56","modified_gmt":"2025-06-06T15:46:56","slug":"formularze","status":"publish","type":"page","link":"https:\/\/www.smzdomin.pl\/index.php\/formularze\/","title":{"rendered":"Formularze"},"content":{"rendered":"\n<div class=\"wp-block-group is-layout-constrained wp-block-group-is-layout-constrained\">\n<h2 class=\"wp-block-heading has-text-align-center\">Pliki do pobrania<\/h2>\n\n\n\n<p>WNIOSEK O REJESTRACJ\u0118 PRZYDOMKA HODOWLANEGO<\/p>\n\n\n\n<div class=\"wp-block-file\"><a id=\"wp-block-file--media-790c8531-d960-412a-ab3e-8bc402a7cb4a\" href=\"https:\/\/www.smzdomin.pl\/wp-content\/uploads\/2025\/03\/wniosek_o_rejestracje_przydomka.pdf\">wniosek_o_rejestracje_przydomka<\/a><a href=\"https:\/\/www.smzdomin.pl\/wp-content\/uploads\/2025\/03\/wniosek_o_rejestracje_przydomka.pdf\" class=\"wp-block-file__button wp-element-button\" download aria-describedby=\"wp-block-file--media-790c8531-d960-412a-ab3e-8bc402a7cb4a\">Pobierz<\/a><\/div>\n\n\n\n<p>KARTA KRYCIA I MIOTU<\/p>\n\n\n\n<div class=\"wp-block-file\"><a id=\"wp-block-file--media-3de10945-d9fe-4581-b42c-f46fd6eeb580\" href=\"https:\/\/www.smzdomin.pl\/wp-content\/uploads\/2025\/03\/karta_krycia_miotu.pdf\">karta_krycia_miotu<\/a><a href=\"https:\/\/www.smzdomin.pl\/wp-content\/uploads\/2025\/03\/karta_krycia_miotu.pdf\" class=\"wp-block-file__button wp-element-button\" download aria-describedby=\"wp-block-file--media-3de10945-d9fe-4581-b42c-f46fd6eeb580\">Pobierz<\/a><\/div>\n\n\n\n<p>DEKLARACJA CZ\u0141ONKOWSKA<\/p>\n\n\n\n<div class=\"wp-block-file\"><a id=\"wp-block-file--media-02d89d36-9044-4aa9-8bd3-878001f6aeb7\" href=\"https:\/\/www.smzdomin.pl\/wp-content\/uploads\/2025\/03\/deklaracja_czlonkowska.pdf\">deklaracja_czlonkowska<\/a><a href=\"https:\/\/www.smzdomin.pl\/wp-content\/uploads\/2025\/03\/deklaracja_czlonkowska.pdf\" class=\"wp-block-file__button wp-element-button\" download aria-describedby=\"wp-block-file--media-02d89d36-9044-4aa9-8bd3-878001f6aeb7\">Pobierz<\/a><\/div>\n\n\n\n<p>WETERYNARYJNY PRZEGL\u0104D MIOTU<\/p>\n\n\n\n<div class=\"wp-block-file\"><a id=\"wp-block-file--media-151fdde9-812e-495c-8085-a3852fdef73e\" href=\"https:\/\/www.smzdomin.pl\/wp-content\/uploads\/2025\/03\/karta_weterynaryjny_przeglad_miotu.pdf\">karta_weterynaryjny_przeglad_miotu<\/a><a href=\"https:\/\/www.smzdomin.pl\/wp-content\/uploads\/2025\/03\/karta_weterynaryjny_przeglad_miotu.pdf\" class=\"wp-block-file__button wp-element-button\" download aria-describedby=\"wp-block-file--media-151fdde9-812e-495c-8085-a3852fdef73e\">Pobierz<\/a><\/div>\n\n\n\n<p>REGULAMIN HODOWLI PS\u00d3W<\/p>\n\n\n\n<div class=\"wp-block-file\"><a id=\"wp-block-file--media-23ee6d41-f55f-46c2-b57b-478f489fb610\" href=\"https:\/\/www.smzdomin.pl\/wp-content\/uploads\/2025\/03\/regulamin_hodowli_psow.pdf\">regulamin_hodowli_psow<\/a><a href=\"https:\/\/www.smzdomin.pl\/wp-content\/uploads\/2025\/03\/regulamin_hodowli_psow.pdf\" class=\"wp-block-file__button wp-element-button\" download aria-describedby=\"wp-block-file--media-23ee6d41-f55f-46c2-b57b-478f489fb610\">Pobierz<\/a><\/div>\n\n\n\n<p>KLAUZULA INFORMACYJNA RODO<\/p>\n\n\n\n<div class=\"wp-block-file\"><a id=\"wp-block-file--media-c588db65-6a44-4f89-9036-919949af8c41\" href=\"https:\/\/www.smzdomin.pl\/wp-content\/uploads\/2025\/06\/klauzula_informacyjna_RODO.pdf\">klauzula_informacyjna_RODO<\/a><a href=\"https:\/\/www.smzdomin.pl\/wp-content\/uploads\/2025\/06\/klauzula_informacyjna_RODO.pdf\" class=\"wp-block-file__button wp-element-button\" download aria-describedby=\"wp-block-file--media-c588db65-6a44-4f89-9036-919949af8c41\">Pobierz<\/a><\/div>\n<\/div>\n\n\n\n<p><\/p>\n","protected":false},"excerpt":{"rendered":"<p>Pliki do pobrania WNIOSEK O REJESTRACJ\u0118 PRZYDOMKA HODOWLANEGO KARTA KRYCIA I MIOTU DEKLARACJA CZ\u0141ONKOWSKA WETERYNARYJNY PRZEGL\u0104D MIOTU REGULAMIN HODOWLI PS\u00d3W [&hellip;]<\/p>\n","protected":false},"author":1,"featured_media":0,"parent":0,"menu_order":0,"comment_status":"closed","ping_status":"closed","template":"","meta":{"site-sidebar-layout":"default","site-content-layout":"","ast-site-content-layout":"","site-content-style":"default","site-sidebar-style":"default","ast-global-header-display":"","ast-banner-title-visibility":"","ast-main-header-display":"","ast-hfb-above-header-display":"","ast-hfb-below-header-display":"","ast-hfb-mobile-header-display":"","site-post-title":"disabled","ast-breadcrumbs-content":"","ast-featured-img":"","footer-sml-layout":"","theme-transparent-header-meta":"","adv-header-id-meta":"","stick-header-meta":"","header-above-stick-meta":"","header-main-stick-meta":"","header-below-stick-meta":"","astra-migrate-meta-layouts":"default","ast-page-background-enabled":"default","ast-page-background-meta":{"desktop":{"background-color":"var(--ast-global-color-5)","background-image":"","background-repeat":"repeat","background-position":"center center","background-size":"auto","background-attachment":"scroll","background-type":"","background-media":"","overlay-type":"","overlay-color":"","overlay-opacity":"","overlay-gradient":""},"tablet":{"background-color":"","background-image":"","background-repeat":"repeat","background-position":"center center","background-size":"auto","background-attachment":"scroll","background-type":"","background-media":"","overlay-type":"","overlay-color":"","overlay-opacity":"","overlay-gradient":""},"mobile":{"background-color":"","background-image":"","background-repeat":"repeat","background-position":"center center","background-size":"auto","background-attachment":"scroll","background-type":"","background-media":"","overlay-type":"","overlay-color":"","overlay-opacity":"","overlay-gradient":""}},"ast-content-background-meta":{"desktop":{"background-color":"var(--ast-global-color-4)","background-image":"","background-repeat":"repeat","background-position":"center center","background-size":"auto","background-attachment":"scroll","background-type":"","background-media":"","overlay-type":"","overlay-color":"","overlay-opacity":"","overlay-gradient":""},"tablet":{"background-color":"var(--ast-global-color-4)","background-image":"","background-repeat":"repeat","background-position":"center center","background-size":"auto","background-attachment":"scroll","background-type":"","background-media":"","overlay-type":"","overlay-color":"","overlay-opacity":"","overlay-gradient":""},"mobile":{"background-color":"var(--ast-global-color-4)","background-image":"","background-repeat":"repeat","background-position":"center center","background-size":"auto","background-attachment":"scroll","background-type":"","background-media":"","overlay-type":"","overlay-color":"","overlay-opacity":"","overlay-gradient":""}},"footnotes":""},"class_list":["post-69","page","type-page","status-publish","hentry"],"_links":{"self":[{"href":"https:\/\/www.smzdomin.pl\/index.php\/wp-json\/wp\/v2\/pages\/69","targetHints":{"allow":["GET"]}}],"collection":[{"href":"https:\/\/www.smzdomin.pl\/index.php\/wp-json\/wp\/v2\/pages"}],"about":[{"href":"https:\/\/www.smzdomin.pl\/index.php\/wp-json\/wp\/v2\/types\/page"}],"author":[{"embeddable":true,"href":"https:\/\/www.smzdomin.pl\/index.php\/wp-json\/wp\/v2\/users\/1"}],"replies":[{"embeddable":true,"href":"https:\/\/www.smzdomin.pl\/index.php\/wp-json\/wp\/v2\/comments?post=69"}],"version-history":[{"count":9,"href":"https:\/\/www.smzdomin.pl\/index.php\/wp-json\/wp\/v2\/pages\/69\/revisions"}],"predecessor-version":[{"id":378,"href":"https:\/\/www.smzdomin.pl\/index.php\/wp-json\/wp\/v2\/pages\/69\/revisions\/378"}],"wp:attachment":[{"href":"https:\/\/www.smzdomin.pl\/index.php\/wp-json\/wp\/v2\/media?parent=69"}],"curies":[{"name":"wp","href":"https:\/\/api.w.org\/{rel}","templated":true}]}}